{"id":3,"date":"2020-08-16T21:13:35","date_gmt":"2020-08-16T19:13:35","guid":{"rendered":"http:\/\/amicale-maquettistes.be\/?page_id=3"},"modified":"2024-03-22T19:40:25","modified_gmt":"2024-03-22T18:40:25","slug":"politique-de-confidentialite","status":"publish","type":"page","link":"https:\/\/www.amicale-maquettistes.be\/?page_id=3","title":{"rendered":"Mentions l\u00e9gales"},"content":{"rendered":"\n<h2 class=\"wp-block-heading\">Introduction<\/h2>\n\n\n\n<p>Derni\u00e8re mise \u00e0 jour : 13\/09\/2020.<\/p>\n\n\n\n<h2 class=\"wp-block-heading\">Conditions g\u00e9n\u00e9rales d&rsquo;utilisation<\/h2>\n\n\n\n<p>Ces mentions l\u00e9gales sont susceptibles d&rsquo;\u00eatre modifi\u00e9es \u00e0 tout moment, sans pr\u00e9avis. Il est de votre responsabilit\u00e9 de vous tenir au courant de ces derni\u00e8res. D\u00e8s lors que vous utilisez les diff\u00e9rents services que nous mettons \u00e0 votre disposition, vous acceptez implicitement la plus r\u00e9cente version de ces mentions l\u00e9gales.<\/p>\n\n\n\n<p>Ce site web est accessible par le nom de domaine suivant : amicale-maquettistes.be<\/p>\n\n\n\n<p>Ce site Internet est con\u00e7u pour informer le public des activit\u00e9s de l&rsquo;Amicale des Maquettistes de Belgique.<\/p>\n\n\n\n<p>En utilisant nos services, vous certifiez sur l&rsquo;honneur :<\/p>\n\n\n\n<ul class=\"wp-block-list\"><li>consulter ce service \u00e0 titre personnel sans impliquer de quelque mani\u00e8re que ce soit une soci\u00e9t\u00e9 ou un organisme public<\/li><li>acc\u00e9der \u00e0 ce site Internet dans un but priv\u00e9 et en rien commercial ou d&rsquo;\u00e9change<\/li><li>acc\u00e9der au contenu du site en totale ad\u00e9quation avec la loi du pays dans lequel vous vous trouvez<\/li><\/ul>\n\n\n\n<h2 class=\"wp-block-heading\">Droits d&rsquo;auteurs et marques<\/h2>\n\n\n\n<p>Le site \u00ab l&rsquo;Amicale des Maquettistes de Belgique \u00bb est producteur et propri\u00e9taire de la base de donn\u00e9es du site. En cons\u00e9quence, vous vous interdisez notamment de stocker, reproduire, repr\u00e9senter ou conserver directement ou indirectement, sur tout type de support (papier, \u00e9lectronique, graphique ou autre), par quelque moyen et sous quelque forme que ce soit, tout ou partie de la base de donn\u00e9es sans autorisation explicite de l&rsquo;\u00e9quipe de \u00ab l&rsquo;Amicale des Maquettistes \u00bb.<\/p>\n\n\n\n<p>Vous pouvez transmettre par courrier \u00e9lectronique, t\u00e9l\u00e9charger ou imprimer les informations pr\u00e9sent\u00e9es sur ce site \u00e0 des fins personnelles et non commerciales. Lorsque vous transmettez par courrier \u00e9lectronique, t\u00e9l\u00e9chargez ou imprimez tout ou partie du contenu de ce site web, vous devez faire figurer sur chaque copie les avis sur les droits d&rsquo;auteur et autres avis propres aux informations, notamment le nom et l&rsquo;adresse de ce site web.<\/p>\n\n\n\n<p>Si vous utilisez les informations de ce site dans des conditions autres que celles autoris\u00e9es explicitement par les pr\u00e9sentes conditions d&rsquo;utilisation (notamment la copie sur d&rsquo;autres sites web), vous violez l&rsquo;accord qui vous lie \u00e0 nous et vous risquez d&rsquo;\u00eatre en infraction avec les lois relatives \u00e0 la propri\u00e9t\u00e9 intellectuelle et d&rsquo;autres lois applicables. Dans ce cas, nous vous retirerons automatiquement l&rsquo;autorisation d&rsquo;utiliser ce site Internet. Les \u00e9l\u00e9ments d&rsquo;information pr\u00e9sent\u00e9s demeurent notre propri\u00e9t\u00e9 ou celle de leurs auteurs respectifs. Tous les droits qui ne sont pas express\u00e9ment conc\u00e9d\u00e9s sont r\u00e9serv\u00e9s. Toutes les autres marques apparaissant sur le site sont la propri\u00e9t\u00e9 de leurs auteurs respectifs.<\/p>\n\n\n\n<h2 class=\"wp-block-heading\">Informatique et libert\u00e9s<\/h2>\n\n\n\n<p>En Belgique, les donn\u00e9es personnelles sont prot\u00e9g\u00e9es. En tout \u00e9tat de cause, les informations personnelles relative \u00e0 l&rsquo;utilisateur (nom, adresse \u00e9lectronique, coordonn\u00e9es t\u00e9l\u00e9phoniques) ne sont utilis\u00e9es que pour le besoin des services propos\u00e9 par ce site.<\/p>\n\n\n\n<p>L&rsquo;utilisateur fournit ces informations en toute connaissance de cause, notamment lorsqu&rsquo;il proc\u00e8de par lui-m\u00eame \u00e0 leur saisie.<\/p>\n\n\n\n<p>Si l&rsquo;un des \u00e9l\u00e9ments \u00e9dit\u00e9 sur le site de \u00ab l&rsquo;Amicale des Maquettistes de Belgique \u00bb venait \u00e0 vous appartenir et que vous souhaitiez le modifier ou le supprimer, vous pouvez contacter l&rsquo;\u00e9quipe de \u00ab l&rsquo;Amicale des Maquettistes de Belgique \u00bb pour proc\u00e9der aux changements.<\/p>\n\n\n\n<h2 class=\"wp-block-heading\">Limitation de responsabilit\u00e9s<\/h2>\n\n\n\n<p>L&rsquo;\u00e9quipe de \u00ab l&rsquo;Amicale des Maquettistes de Belgique \u00bb ne peut \u00eatre tenue responsable d&rsquo;aucun dysfonctionnement ou probl\u00e8me qui pourrait appara\u00eetre lors de l&rsquo;utilisation de nos services.<\/p>\n\n\n\n<p>Il est \u00e9galement port\u00e9 \u00e0 la connaissancec du visiteur que le fait d&rsquo;arriver sur notre site Web par l&rsquo;interm\u00e9diaire d&rsquo;un autre site quelconque ne nous associe en aucun cas \u00e0 ce dernier, et ce m\u00eame si il est pr\u00e9sent\u00e9 comme partenaire.<\/p>\n\n\n\n<p>En aucun cas l&rsquo;\u00e9quipe de \u00ab l&rsquo;Amicale des Maquettistes de Belgique \u00bb ne peut \u00eatre mise en cause quant au contenu des liens publi\u00e9s sur ce site web.<\/p>\n","protected":false},"excerpt":{"rendered":"<p>Introduction Derni\u00e8re mise \u00e0 jour : 13\/09\/2020. Conditions g\u00e9n\u00e9rales d&rsquo;utilisation Ces mentions l\u00e9gales sont susceptibles d&rsquo;\u00eatre modifi\u00e9es \u00e0 tout moment, sans pr\u00e9avis. Il est de votre responsabilit\u00e9 de vous tenir au courant de ces derni\u00e8res. D\u00e8s lors que vous utilisez<\/p>\n","protected":false},"author":1,"featured_media":0,"parent":0,"menu_order":0,"comment_status":"closed","ping_status":"open","template":"","meta":{"footnotes":""},"class_list":["post-3","page","type-page","status-publish","hentry"],"_links":{"self":[{"href":"https:\/\/www.amicale-maquettistes.be\/index.php?rest_route=\/wp\/v2\/pages\/3","targetHints":{"allow":["GET"]}}],"collection":[{"href":"https:\/\/www.amicale-maquettistes.be\/index.php?rest_route=\/wp\/v2\/pages"}],"about":[{"href":"https:\/\/www.amicale-maquettistes.be\/index.php?rest_route=\/wp\/v2\/types\/page"}],"author":[{"embeddable":true,"href":"https:\/\/www.amicale-maquettistes.be\/index.php?rest_route=\/wp\/v2\/users\/1"}],"replies":[{"embeddable":true,"href":"https:\/\/www.amicale-maquettistes.be\/index.php?rest_route=%2Fwp%2Fv2%2Fcomments&post=3"}],"version-history":[{"count":1,"href":"https:\/\/www.amicale-maquettistes.be\/index.php?rest_route=\/wp\/v2\/pages\/3\/revisions"}],"predecessor-version":[{"id":356,"href":"https:\/\/www.amicale-maquettistes.be\/index.php?rest_route=\/wp\/v2\/pages\/3\/revisions\/356"}],"wp:attachment":[{"href":"https:\/\/www.amicale-maquettistes.be\/index.php?rest_route=%2Fwp%2Fv2%2Fmedia&parent=3"}],"curies":[{"name":"wp","href":"https:\/\/api.w.org\/{rel}","templated":true}]}}